 = 2*f + s. Suppose -2*t = -3*t + 16. Let c = f - t. Calculate the greatest common divisor of 45 and c.
9
Suppose -4*i - 39 = -5*a + 8*a, 0 = 4*i - 4*a + 32. Let u be (i/(-6))/(1 - (-58)/(-60)). What is the greatest common divisor of u and 5?
5
Let q = 543 + -535. Calculate the greatest common divisor of 68 and q.
4
Suppose 11*v = -2*v + 4459. Suppose 0*z - 344 = -3*z + n, v = 3*z - 2*n. Let k be 3/6 + (-182)/(-4). Calculate the highest common divisor of k and z.
23
Let k(g) = -g**2 - 26*g - 148. Let z be k(-9). Let y be (-31)/(-3) - (-1)/(-3). Calculate the greatest common divisor of z and y.
5
Let j(p) = p + 16. Let k = 37 - 24. Let c be j(k). Suppose -4*r + c = -35. Calculate the greatest common divisor of r and 16.
16
Let z(m) = -17*m - 265. Let d be z(-17). What is the highest common factor of 15 and d?
3
Let q = 287 - 269. What is the highest common divisor of q and 4?
2
Let b = -20 + 23. Suppose 0 = 2*a - b*a + 111. Let g = a + 49. What is the highest common factor of 64 and g?
32
Let h(f) = -f**3 - 8*f**2 + 7*f + 7. Let t be h(-9). Suppose 4*v - 4*u = 48, -v - u + 21 = u. Calculate the highest common divisor of t and v.
5
Let m(t) = 118*t + 22. Let h be m(1). Calculate the highest common divisor of h and 20.
20
Suppose -3*l - 2*l = -80. Suppose s - 67*m = -64*m + 39, -m = -2*s + 93. Calculate the highest common divisor of s and l.
16
Suppose 853 = -12*w + 7453. Calculate the greatest common divisor of 66 and w.
22
Suppose 3*x - 138 = 186. Suppose -5*q + 3*r = -139, 4*q + r = 5*r + x. What is the greatest common divisor of q and 203?
29
Suppose -5*s + 107 = -s + p, -s + p = -28. Suppose -81 = -5*c + 3*q, q + s = c + 4*q. What is the highest common divisor of 162 and c?
18
Suppose 437*j = 439*j - 448. Calculate the greatest common factor of 364 and j.
28
Let f(y) = -y + 8. Let r be f(4). Suppose -17 = -r*w + 7. Suppose 16*j - 991 = -319. What is the highest common divisor of w and j?
6
Suppose 4*v - 10*v = -432. Calculate the greatest common divisor of 2 and v.
2
Let w be (-1)/4*-10*(24 + 738). What is the highest common factor of 15 and w?
15
Suppose -590 = d - 617. Calculate the greatest common factor of d and 180.
9
Let a(b) be the third derivative of 11/60*b**5 + 0 + 0*b - 1/6*b**3 + 2*b**2 - 1/8*b**4. Let t be a(-2). Calculate the highest common divisor of 7 and t.
7
Let c(a) = -2*a**3 + 29*a**2 + 32*a - 12. Let l be c(15). Calculate the greatest common divisor of l and 9.
9
Let h be (-8)/((-117)/52 + 2). Let m be ((-32)/10)/(4/(-50)). Calculate the greatest common factor of h and m.
8
Let z = 3 - -5. Let y be 1 + (-1)/((-2)/z). Let b = 74966 - 74921. Calculate the highest common factor of y and b.
5
Suppose 6 = 5*x + 61. Let g = -8 - x. Suppose -5 - g = -k. Calculate the greatest common divisor of 20 and k.
4
Let u = 82 - 34. Let q(o) = 2*o**2 - 3*o - 1. Let d be q(2). Suppose -r + u = -d. Calculate the greatest common divisor of 7 and r.
7
Suppose -c + 9*x - 4*x - 39 = 0, 0 = 4*c - x + 175. Let r = c + 53. Calculate the greatest common divisor of 36 and r.
9
Suppose 2 - 11 = -3*l. Let w(c) = -4*c**l - 11*c + 9*c - 6*c**3 + c**2 - 2. Let p be w(-1). Calculate the greatest common divisor of p and 11.
11
Let i(r) = -r**2 - 12*r + 13. Let v be i(-13). Suppose -4*l - 4*x - x + 35 = 0, 3*l + 3*x - 24 = v. What is the highest common divisor of l and 3?
1
Let m = 266 - 166. Suppose d + 236 = 4*z, -2*d + 164 = 3*z - 6*d. Suppose -5*f + z = -2*f. What is the greatest common factor of m and f?
20
Let q = -21 - -35. Let g be -2 - (4 + -2 - q). Suppose -u - a = -86, -u - 6*a + 3*a + 78 = 0. Calculate the greatest common divisor of g and u.
10
Let g = 182 - 27. Calculate the greatest common factor of g and 527.
31
Let z = -21 + 23. Let h be (-261)/(-27) + z/(-3). Suppose -72 = 5*j - h*j. Calculate the highest common factor of j and 90.
18
Let u = 27 - 22. Suppose 0 = -0*l + u*l - 15. Calculate the highest common factor of 36 and l.
3
Let r = 1137 - 1057. Let p = -5 + 15. Calculate the highest common divisor of p and r.
10
Suppose 3*j + x - 55 = 0, 4*j - 3*x - 89 + 20 = 0. Let f(l) = -l**2 - 11*l + 234. Let v be f(9). What is the highest common divisor of v and j?
18
Let g = 394 + -384. Calculate the greatest common factor of g and 90.
10
Suppose -i = -2*c + 6, 4*i = 2*c + i - 6. Suppose 3*g = -3*v + 33, -c*g - 29 = -5*g + 5*v. Calculate the greatest common factor of g and 108.
12
Let u(j) = 2*j + 15. Let b be u(3). Let k = -7 - -10. Calculate the greatest common divisor of k and b.
3
Let r = -883 - -1378. What is the highest common divisor of 45 and r?
45
Let u = 5 - 3. Suppose u*q = -5*n - 91, q - n + 2*n + 47 = 0. Let f be (-4)/10 - q/20. What is the greatest common factor of f and 22?
2
Let x be (3 - 9)/((-2)/24). Let h(t) = 2*t**2 - 45*t + 171. Let s be h(18). Calculate the greatest common divisor of x and s.
9
Suppose 25*j - 36 = 16*j. Calculate the highest common factor of 2 and j.
2
Let c(s) = 27*s**2 - 8*s - 18. Let p(n) = -9*n**2 + 3*n + 6. Let x(h) = -2*c(h) - 7*p(h). Let v be x(-3). What is the greatest common divisor of 60 and v?
30
Let s be 15/20 + (-58)/(-8). Let a be 7/(7/s) + -3. Suppose 4*c - 22 = -r, -3*c - 8 + 57 = 4*r. Calculate the greatest common divisor of r and a.
5
Let z = -5 - -133. Suppose 240 = 18*d - 3*d. What is the greatest common divisor of d and z?
16
Let l(z) = z**2 - 63*z + 456. Let u be l(55). Calculate the highest common factor of u and 14.
2
Let v = 14 + -57. Let s = v - -81. Calculate the greatest common factor of s and 19.
19
Let q(j) = j**3 + 5*j**2 + 3*j - 3. Let i be q(-4). Let b = -2124 - -2132. Calculate the highest common factor of i and b.
1
Let j(a) = 8*a**2 - 21*a - 24. Let f be j(4). Calculate the greatest common divisor of f and 36.
4
Let m(v) = -v**2 - 5*v - 4. Let n be m(-3). Suppose 7*y - 75 = n*y. What is the greatest common factor of y and 15?
15
Suppose 31*v - 15 = 78. What is the greatest common factor of v and 50?
1
Suppose -n + 13 + 255 = o, 4*n = 2*o + 1066. Calculate the highest common factor of 6 and n.
3
Suppose -576 = -14*h + 12*h. Let x = -96 - -114. What is the greatest common divisor of x and h?
18
Let h = 2695 - 1914. Calculate the highest common factor of h and 11.
11
Suppose -71 = -5*r - 4*v + 29, 52 = 3*r + 4*v. Calculate the greatest common factor of r and 1944.
24
Let r(s) = 3*s - 9. Let z be r(6). Let t = z - -3. Suppose -4*v + c - 3*c + 52 = 0, c = 2*v - 22. Calculate the highest common divisor of t and v.
12
Suppose 0 = -38*c + 5*c + 1386. Calculate the highest common divisor of 546 and c.
42
Let w(r) = 2*r**2 + 3*r + 12. Let y(d) = d**2 + 3*d + 13. Let p(f) = -2*w(f) + 3*y(f). Let c be p(5). Calculate the highest common divisor of c and 55.
5
Suppose -116 = 5*d - 656. Suppose 2*a - 2*n - d = 0, -n + 3*n = 5*a - 276. What is the greatest common divisor of 7 and a?
7
Let n(l) = 4*l**2 + 88*l + 34. Let x be n(-22). What is the highest common factor of 3434 and x?
34
Let d(u) = u - 4. Let x be d(8). Let f be (-16)/(-6)*21/x. Suppose 0 = 23*r - 295 - 671. What is the greatest common divisor of f and r?
14
Let r(o) = -o**2 - 16*o - 34. Let t be r(-12). Suppose -10*a - 440 = -t*a. What is the highest common factor of a and 44?
22
Let r be 2*6 + 2/2. Let m(j) = 133*j - 16. Let n be m(1). Calculate the highest common divisor of r and n.
13
Suppose 3*d - 3 = 177. Suppose -25*j = -d - 765. Suppose -5*k + 99 + 11 = 0. What is the greatest common factor of k and j?
11
Let p(h) = -103*h**3 - 1. Let y be p(-1). Suppose 5*k - 153 = y. Let j be (-1)/(18/(-17) + (-4)/(-4)). What is the highest common factor of k and j?
17
Let y = -2787 + 5439. What is the greatest common divisor of y and 78?
78
Suppose 0 = 3*d, -4*f = 6*d - d - 28. Let c be 104/10*(f - 2). Suppose -32 = o - 110. What is the highest common divisor of o and c?
26
Suppose -570*v = -565*v - 5*h - 50, v + 5 = -2*h. What is the highest common factor of v and 1555?
5
Let z be (8/12 + (-88)/(-3))/2. Calculate the greatest common factor of z and 30.
15
Suppose 0 = 5*u + 4*c - 87 + 3, 12 = -3*c. Calculate the greatest common factor of 24 and u.
4
Let p(q) = 15*q - 2. Suppose -5*n + 2*n - 10 = -5*i, -i + 2*n = -2. Let w be p(i). Calculate the greatest common factor of 14 and w.
14
Suppose 0*m = -2*m - 24. Let k = m + 17. Sup